isor of 15 and c.
15
Suppose 25*d - 435 = -4*d. Calculate the highest common factor of 10 and d.
5
Let h = 18 + -6. Let u(f) = 5 - f + h - 4 + 0. Let k be u(0). What is the greatest common factor of k and 117?
13
Suppose 0*x + 2*x - 20 = 0. Let d be -3 + (-14)/6*(0 + -3). What is the greatest common factor of d and x?
2
Suppose -4*t + 379 = 4*g + 7, 15 = 5*t. Calculate the greatest common factor of g and 54.
18
Let r be (-7 + 0)*2/(-7)*7. Suppose 8*g + 10 = 10*g. Suppose s + g*k = k + 51, -5*s - k = -179. What is the highest common factor of s and r?
7
Let s = -375 + 703. Calculate the greatest common factor of 246 and s.
82
Suppose 2*n - 3 = 67. Suppose n = 4*d - 13. Calculate the greatest common factor of 12 and d.
12
Suppose 2*f - 94 = 2*r, -1 - 1 = -2*r. Let c(p) = -p**2 + 8*p. Let h be c(6). What is the greatest common factor of f and h?
12
Let r = 20 - 2. Let b(g) = -g**3 - 9*g**2 + 7*g + 5. Let o be b(-10). Suppose -30*y - 90 = -o*y. Calculate the highest common divisor of r and y.
18
Suppose -3*w = 2*h, -h - 2*w = -5*h + 16. Calculate the greatest common factor of 111 and h.
3
Suppose -4*r + 2*s = -20, 5*s - 5 = -5*r + 20. Suppose -4*x = -5*x + r. What is the greatest common divisor of x and 20?
5
Suppose -155 = -6*t + t. Let z = t + -21. Suppose 0*o + o - 15 = 0. What is the highest common factor of z and o?
5
Suppose 0 = 3*r - 0 - 87. Suppose r = 7*m - 27. Calculate the highest common factor of 104 and m.
8
Let a(v) = -213*v + 88. Let p be a(0). Suppose 8 = -2*j - 12. Let k be (-1)/(j/(-11) + -1). What is the highest common divisor of k and p?
11
Suppose j = -j + 16. Suppose -16*w + 215 = -169. Calculate the greatest common factor of w and j.
8
Suppose 4*v + 3*s - 3 = 56, s = -5*v + 60. Calculate the greatest common factor of 319 and v.
11
Let n(h) = h**2 + 7*h + 3. Let p be n(-7). Suppose 4*b - p*k - 2 = 0, -4*b + 12 = 3*k - k. Calculate the greatest common factor of b and 8.
2
Suppose -4*x + 207 = w, -2*w + 5*x = -4*w + 414. What is the highest common factor of 23 and w?
23
Let s(x) = 56*x + 1177. Let k be s(-11). Calculate the highest common divisor of 68 and k.
17
Let y be 1/((-2)/(-6)) - -160. Let r = -63 + y. Let w be (-50)/(-4)*26/13. Calculate the highest common divisor of w and r.
25
Suppose 51*a - 63*a = -120. What is the highest common factor of 110 and a?
10
Suppose -8*o = -3*o - 150. Let b = o - 27. Suppose 11 = -b*q + 47. What is the highest common divisor of 8 and q?
4
Let g = -1236 - -1243. Let n = 57 - 36. What is the highest common divisor of g and n?
7
Let d be ((-2565)/(-133) - 1)*7/2. Calculate the highest common divisor of d and 1088.
64
Let f = -3 - -21. Suppose f + 48 = h. Suppose 0 = 63*k - 68*k + 30. Calculate the highest common factor of h and k.
6
Let r be -3 + (-22)/((-3)/6*2). Let k be (-4)/(-1 - -3) + 6. Suppose -342 = -2*h - 5*y, 5*h = 3*h + k*y + 342. What is the greatest common divisor of h and r?
19
Suppose -2217*y + 234 = -2214*y. What is the highest common divisor of y and 741?
39
Let c(h) = h + 84. Let i be c(0). Let x(t) = t**2 + 9*t - 7. Let n be x(-14). Calculate the highest common factor of n and i.
21
Let k(i) = i**2. Let o be k(11). Let w = -105 + o. Calculate the highest common divisor of 128 and w.
16
Suppose 7*q = -125 + 195. What is the highest common factor of q and 1730?
10
Let d be 8/14 + 30204/63. Suppose 0 = -0*i + 4*i + 8, -4*z = -2*i - d. Let a be (-62)/(-4) + (-6)/(-4). Calculate the highest common divisor of z and a.
17
Let z = -48 - -49. Suppose -2*h = -h - 4. Let v = h - -1. What is the greatest common factor of z and v?
1
Let w(b) = -b + 93. Let l be w(-17). What is the highest common divisor of 308 and l?
22
Let a(x) be the second derivative of -x**4/12 - 7*x**3/2 - 33*x**2/2 - 10*x. Let d be a(-19). What is the highest common factor of 35 and d?
5
Let y = 416 - -340. Calculate the greatest common factor of y and 48.
12
Let l be 106/4*(2 - (0 - 0)). Let h = l + -41. What is the highest common divisor of 8 and h?
4
Let z = -396 + 531. Calculate the greatest common factor of z and 360.
45
Suppose 0 = -4*i + 5*i - 6. Let q(u) = 4*u - 5. Let a be q(i). Suppose 4*h = a + 1. Calculate the greatest common factor of h and 20.
5
Suppose 0*c = 2*u - 3*c - 101, -4*u + 5*c + 205 = 0. Let h = 81 - u. What is the greatest common factor of 39 and h?
13
Let l(f) = 7*f - 3. Let o be l(7). Let d be (184/12)/(5/((-45)/(-6))). What is the highest common factor of d and o?
23
Suppose 2*m + 1 + 1 = 0, 0 = -3*s + 5*m + 29. Suppose 18*k - 127 = 233. What is the highest common factor of k and s?
4
Let q be -1 - 1 - (-1 - 25). Suppose q + 36 = 2*d. Suppose 0 = 3*m - 12 - d. What is the greatest common factor of m and 70?
14
Suppose -3*i + 0*i + 66 = 0. Let m = 54 - 24. Suppose -28*w + m*w = 66. What is the greatest common divisor of i and w?
11
Suppose m + 5 = 0, -6*c + 11*c = -4*m + 205. Calculate the highest common divisor of 315 and c.
45
Suppose 2*q = -3*q + 100. Let d(n) = n + 11. Let u be d(-6). Suppose 17*l - 18*l = -u. What is the highest common factor of q and l?
5
Suppose 0 = v - 2*v + 32. Let k = -345 - -425. What is the highest common divisor of v and k?
16
Let u be 18/(-81) + 76/18. Let g = 49 - u. What is the highest common factor of 27 and g?
9
Let m = 20 + 7. Let o = -25 + m. Suppose -2*g + 46 = 4*i, o*g + 27 - 68 = -3*i. Calculate the greatest common divisor of g and 117.
13
Let r(w) = -1. Let p(u) = 6*u**2 - 20. Let g(h) = p(h) - 12*r(h). Let k be g(-3). Let f = k + -37. What is the greatest common factor of f and 18?
9
Suppose 2*a + 14 = -5*w + 130, 3*w = 2*a - 84. What is the greatest common factor of 696 and a?
24
Let v(x) = -3*x**2 - 11*x + 13. Let n(f) = f**2 + f + 1. Let p(y) = 4*n(y) + v(y). Let l be p(8). Calculate the highest common factor of l and 10.
5
Let x be (28/8)/((-2)/4). Let d be x/21 - (-20)/6. Suppose -2*a = -5 - 1. Calculate the highest common factor of d and a.
3
Suppose -2 - 923 = -25*c. What is the highest common divisor of 296 and c?
37
Let o be 571 + 8*5/(-10). Suppose -5*h + o - 112 = 0. Calculate the highest common factor of h and 13.
13
Let t = -1590 + 1642. Let d be (585/6)/(3/4). Calculate the highest common factor of t and d.
26
Let c(u) = u**2 - 4*u + 147. Let z be c(12). What is the greatest common divisor of z and 6?
3
Let i(o) = 45*o - 20. Let y be i(-7). Let t be y/15*-9 - (-1 + 4). Let w = 36 - 18. Calculate the highest common factor of w and t.
18
Let o(g) = -g**2 - 13*g - 25. Let a be o(-10). Suppose -180 = -a*v - v. Suppose 3*f = 2*f + v. Calculate the highest common factor of 45 and f.
15
Let n be ((-55)/(-4) - (-13)/52)*1. Let f be (-42)/(-3)*1 - 0. Calculate the greatest common factor of n and f.
14
Let j(y) = -y**3 + 4*y - 4. Let b be j(3). Let l = 2 - b. What is the highest common divisor of l and 14?
7
Suppose q = 0, -2*o - q = -o + 118. Let v = 123 + o. Calculate the highest common divisor of v and 5.
5
Suppose -35*o + 7449 + 1126 = 0. Calculate the highest common factor of 595 and o.
35
Let v(s) = -s**2 + 7*s + 2. Let h be v(5). Let z = 67 - 67. Suppose z = -x - 2*t - t + 129, -t = 1. Calculate the highest common factor of h and x.
12
Let u be (33 - -20) + -1*2 + 1. What is the greatest common factor of u and 286?
26
Let r(w) = -w**3 + 4*w**2 + 8*w - 1. Let l be r(6). Let c = l - -185. Calculate the greatest common factor of 20 and c.
20
Let p be 1/4*-2 + (-29)/(-2). Let n(x) = x**2 - 7*x + 19. Let t be n(11). Calculate the greatest common factor of t and p.
7
Suppose -r - 3*z = 9, 5*r + 2 = -2*z - 4. Suppose r*n = 5*g - 3*n - 69, g = -4*n. Calculate the highest common factor of 4 and g.
4
Let d be (-992)/((-19 + 8)/22). Calculate the highest common factor of 64 and d.
64
Suppose 0 = 6*i - 2*i - 12. Suppose i*s = 140 - 38. What is the greatest common factor of s and 51?
17
Let a(f) = f**2. Let i be a(1). Let x(t) = -17*t + 37*t - 1 + 35*t. Let v be x(i). Calculate the greatest common divisor of 135 and v.
27
Let i = 31 - 23. Suppose i*q + q = 216. What is the greatest common factor of q and 60?
12
Let y = -14 + 31. Let r = -31 + 28. Let g = r + 54. Calculate the highest common divisor of g and y.
17
Let v be 6/2 + (-61)/(-1). Let y = -46 + v. What is the greatest common factor of y and 9?
9
Let j = 47 + 1. Suppose 40*f - 42*f = 